{"id":911,"date":"2025-05-15T21:15:51","date_gmt":"2025-05-15T19:15:51","guid":{"rendered":"https:\/\/sloncejewelry.pl\/?post_type=product&#038;p=911"},"modified":"2025-05-15T21:22:58","modified_gmt":"2025-05-15T19:22:58","slug":"pink-lemon","status":"publish","type":"product","link":"https:\/\/sloncejewelry.pl\/?product=pink-lemon","title":{"rendered":"Pink lemon."},"content":{"rendered":"<h2 id=\"\" class=\"mb-2 mt-6 text-lg font-[500] first:mt-0 dark:font-[475]\"><button class=\"hover:duration-80 duration-800 cursor-pointer text-left align-baseline inline underline decoration-textOff\/25 decoration-1 underline-offset-[5px] animate-underlineFade after:content-[&quot;&quot;] hover:text-super hover:decoration-super\/80 hover:underline-offset-[7px] dark:decoration-textOffDark\/30 dark:hover:text-superDark dark:hover:decoration-superDark\/80 transition-all motion-reduce:transition-none appearance-none bg-transparent border-0 p-0 m-0 [td_&amp;]:table-cell align-baseline inline-block align-top\" type=\"button\" data-state=\"closed\">S\u0142oneczny naszyjnik z cytrynk\u0105 \u2013 soczysty akcent na ka\u017cdy dzie\u0144<\/button><\/h2>\n<p class=\"my-0\">Wprowad\u017a do swojej bi\u017cuterii odrobin\u0119 s\u0142o\u0144ca dzi\u0119ki wyj\u0105tkowemu naszyjnikowi z cytrynk\u0105 na r\u00f3\u017cowych koralikach. Ten soczysty, pe\u0142en energii dodatek przywo\u0142uje wspomnienia ciep\u0142ych dni, pla\u017cy, morza i niezapomnianych chwil sp\u0119dzonych razem.<\/p>\n<p class=\"my-0\">Delikatne r\u00f3\u017cowe koraliki pi\u0119knie podkre\u015blaj\u0105 \u017c\u00f3\u0142t\u0105 cytrynk\u0119, tworz\u0105c radosn\u0105, wakacyjn\u0105 kompozycj\u0119, kt\u00f3ra roz\u015bwietli ka\u017cd\u0105 stylizacj\u0119 \u2013 zar\u00f3wno codzienn\u0105, jak i na specjalne okazje.<\/p>\n<h2 class=\"mb-xs mt-5 text-base font-[500] first:mt-0 dark:font-[475]\"><button class=\"hover:duration-80 duration-800 cursor-pointer text-left align-baseline inline underline decoration-textOff\/25 decoration-1 underline-offset-[5px] animate-underlineFade after:content-[&quot;&quot;] hover:text-super hover:decoration-super\/80 hover:underline-offset-[7px] dark:decoration-textOffDark\/30 dark:hover:text-superDark dark:hover:decoration-superDark\/80 transition-all motion-reduce:transition-none appearance-none bg-transparent border-0 p-0 m-0 [td_&amp;]:table-cell align-baseline inline-block align-top\" type=\"button\" data-state=\"closed\">Dlaczego pokochasz ten naszyjnik?<\/button><\/h2>\n<ul class=\"marker:text-textOff list-disc\">\n<li>\n<p class=\"my-0\">S\u0142oneczny, pozytywny akcent inspirowany letnimi chwilami<\/p>\n<\/li>\n<li>\n<p class=\"my-0\">R\u0119cznie wykonana cytrynka na tle r\u00f3\u017cowych koralik\u00f3w<\/p>\n<\/li>\n<li>\n<p class=\"my-0\">Idealny dodatek do letnich i codziennych stylizacji<\/p>\n<\/li>\n<li>\n<p class=\"my-0\">Przypomina o ciep\u0142ych dniach, pla\u017cy i rado\u015bci bycia razem<\/p>\n<\/li>\n<li>\n<p class=\"my-0\">Doskona\u0142y pomys\u0142 na prezent dla bliskiej osoby<\/p>\n<\/li>\n<\/ul>\n<p class=\"my-0\">Podaruj sobie lub komu\u015b wyj\u0105tkowemu odrobin\u0119 s\u0142o\u0144ca, kt\u00f3re mo\u017cna nosi\u0107 ka\u017cdego dnia!<\/p>\n<p>Naszyjnik kostka widoczny na jednym ze zdj\u0119\u0107, dost\u0119pny jest tutaj:<br \/>\nhttps:\/\/sloncejewelry.pl\/?product=surf-love<\/p>\n<p><span style=\"font-family: var(--global-body-font-family);\">Jak dba\u0107 o bi\u017cuteri\u0119:<\/span><\/p>\n<p><span style=\"font-family: var(--global-body-font-family);\">1.Zdejmuj bi\u017cuteri\u0119 do snu oraz k\u0105pieli.<\/span><\/p>\n<p><span style=\"font-family: var(--global-body-font-family);\">2.Unikaj kontaktu z detergentami, balsamami, perfumami.<\/span><\/p>\n<p><span style=\"font-family: var(--global-body-font-family);\">3.Przechowuj bi\u017cuteri\u0119 w zamkni\u0119tym pude\u0142eczku.<\/span><\/p>\n<p><span style=\"font-family: var(--global-body-font-family);\">4.Przecieraj specjalnie do tego przeznaczon\u0105 szmatk\u0105.<\/span><\/p>\n<p><span style=\"font-family: var(--global-body-font-family);\">5.Zdejmuj podczas opalania i ograniczaj d\u0142ugotrwa\u0142y kontakt z promieniami s\u0142onecznymi.<\/span><\/p>\n<p><span style=\"font-family: var(--global-body-font-family);\">Stosowanie si\u0119 do powy\u017cszych zasad pozwoli si\u0119 d\u0142ugo cieszy\u0107 pi\u0119kn\u0105 bi\u017cuteri\u0105.<\/span><\/p>\n","protected":false},"excerpt":{"rendered":"<p>S\u0142oneczny naszyjnik z cytrynk\u0105 \u2013 soczysty akcent na ka\u017cdy dzie\u0144 Wprowad\u017a do swojej bi\u017cuterii odrobin\u0119 s\u0142o\u0144ca dzi\u0119ki wyj\u0105tkowemu naszyjnikowi z cytrynk\u0105 na r\u00f3\u017cowych koralikach. Ten soczysty, pe\u0142en energii dodatek przywo\u0142uje wspomnienia ciep\u0142ych dni, pla\u017cy, morza i niezapomnianych chwil sp\u0119dzonych razem. Delikatne r\u00f3\u017cowe koraliki pi\u0119knie podkre\u015blaj\u0105 \u017c\u00f3\u0142t\u0105 cytrynk\u0119, tworz\u0105c radosn\u0105, wakacyjn\u0105 kompozycj\u0119, kt\u00f3ra roz\u015bwietli ka\u017cd\u0105 stylizacj\u0119&#8230;<\/p>\n","protected":false},"featured_media":912,"comment_status":"open","ping_status":"closed","template":"","meta":{"_kadence_starter_templates_imported_post":false,"_kad_post_transparent":"default","_kad_post_title":"","_kad_post_layout":"default","_kad_post_sidebar_id":"","_kad_post_content_style":"default","_kad_post_vertical_padding":"default","_kad_post_feature":"","_kad_post_feature_position":"","_kad_post_header":false,"_kad_post_footer":false},"product_brand":[],"product_cat":[19],"product_tag":[46,20,31,41],"class_list":{"0":"post-911","1":"product","2":"type-product","3":"status-publish","4":"has-post-thumbnail","6":"product_cat-naszyjniki","7":"product_tag-bizuteria","8":"product_tag-naszyjnik","9":"product_tag-naszyjnik-owoce","10":"product_tag-naszyjnik-z-cytrynka","12":"first","13":"onbackorder","14":"shipping-taxable","15":"purchasable","16":"product-type-simple","17":"entry","18":"content-bg","19":"loop-entry"},"yoast_head":"<!-- This site is optimized with the Yoast SEO plugin v27.4 - https:\/\/yoast.com\/product\/yoast-seo-wordpress\/ -->\n<title>Pink lemon. -<\/title>\n<meta name=\"robots\" content=\"index, follow, max-snippet:-1, max-image-preview:large, max-video-preview:-1\" \/>\n<link rel=\"canonical\" href=\"https:\/\/sloncejewelry.pl\/?product=pink-lemon\" \/>\n<meta property=\"og:locale\" content=\"pl_PL\" \/>\n<meta property=\"og:type\" content=\"article\" \/>\n<meta property=\"og:title\" content=\"Pink lemon. -\" \/>\n<meta property=\"og:description\" content=\"S\u0142oneczny naszyjnik z cytrynk\u0105 \u2013 soczysty akcent na ka\u017cdy dzie\u0144 Wprowad\u017a do swojej bi\u017cuterii odrobin\u0119 s\u0142o\u0144ca dzi\u0119ki wyj\u0105tkowemu naszyjnikowi z cytrynk\u0105 na r\u00f3\u017cowych koralikach. Ten soczysty, pe\u0142en energii dodatek przywo\u0142uje wspomnienia ciep\u0142ych dni, pla\u017cy, morza i niezapomnianych chwil sp\u0119dzonych razem. Delikatne r\u00f3\u017cowe koraliki pi\u0119knie podkre\u015blaj\u0105 \u017c\u00f3\u0142t\u0105 cytrynk\u0119, tworz\u0105c radosn\u0105, wakacyjn\u0105 kompozycj\u0119, kt\u00f3ra roz\u015bwietli ka\u017cd\u0105 stylizacj\u0119...\" \/>\n<meta property=\"og:url\" content=\"https:\/\/sloncejewelry.pl\/?product=pink-lemon\" \/>\n<meta property=\"article:modified_time\" content=\"2025-05-15T19:22:58+00:00\" \/>\n<meta name=\"twitter:card\" content=\"summary_large_image\" \/>\n<meta name=\"twitter:label1\" content=\"Szacowany czas czytania\" \/>\n\t<meta name=\"twitter:data1\" content=\"2 minuty\" \/>\n<script type=\"application\/ld+json\" class=\"yoast-schema-graph\">{\"@context\":\"https:\\\/\\\/schema.org\",\"@graph\":[{\"@type\":\"WebPage\",\"@id\":\"https:\\\/\\\/sloncejewelry.pl\\\/?product=pink-lemon\",\"url\":\"https:\\\/\\\/sloncejewelry.pl\\\/?product=pink-lemon\",\"name\":\"Pink lemon. -\",\"isPartOf\":{\"@id\":\"https:\\\/\\\/sloncejewelry.pl\\\/#website\"},\"primaryImageOfPage\":{\"@id\":\"https:\\\/\\\/sloncejewelry.pl\\\/?product=pink-lemon#primaryimage\"},\"image\":{\"@id\":\"https:\\\/\\\/sloncejewelry.pl\\\/?product=pink-lemon#primaryimage\"},\"thumbnailUrl\":\"https:\\\/\\\/sloncejewelry.pl\\\/wp-content\\\/uploads\\\/2025\\\/05\\\/IMG_7741-scaled.jpg\",\"datePublished\":\"2025-05-15T19:15:51+00:00\",\"dateModified\":\"2025-05-15T19:22:58+00:00\",\"breadcrumb\":{\"@id\":\"https:\\\/\\\/sloncejewelry.pl\\\/?product=pink-lemon#breadcrumb\"},\"inLanguage\":\"pl-PL\",\"potentialAction\":[{\"@type\":\"ReadAction\",\"target\":[\"https:\\\/\\\/sloncejewelry.pl\\\/?product=pink-lemon\"]}]},{\"@type\":\"ImageObject\",\"inLanguage\":\"pl-PL\",\"@id\":\"https:\\\/\\\/sloncejewelry.pl\\\/?product=pink-lemon#primaryimage\",\"url\":\"https:\\\/\\\/sloncejewelry.pl\\\/wp-content\\\/uploads\\\/2025\\\/05\\\/IMG_7741-scaled.jpg\",\"contentUrl\":\"https:\\\/\\\/sloncejewelry.pl\\\/wp-content\\\/uploads\\\/2025\\\/05\\\/IMG_7741-scaled.jpg\",\"width\":1920,\"height\":2560,\"caption\":\"naszyjnik z cytrynk\u0105\"},{\"@type\":\"BreadcrumbList\",\"@id\":\"https:\\\/\\\/sloncejewelry.pl\\\/?product=pink-lemon#breadcrumb\",\"itemListElement\":[{\"@type\":\"ListItem\",\"position\":1,\"name\":\"Strona g\u0142\u00f3wna\",\"item\":\"https:\\\/\\\/sloncejewelry.pl\\\/\"},{\"@type\":\"ListItem\",\"position\":2,\"name\":\"Sklep\",\"item\":\"https:\\\/\\\/sloncejewelry.pl\\\/?page_id=408\"},{\"@type\":\"ListItem\",\"position\":3,\"name\":\"Pink lemon.\"}]},{\"@type\":\"WebSite\",\"@id\":\"https:\\\/\\\/sloncejewelry.pl\\\/#website\",\"url\":\"https:\\\/\\\/sloncejewelry.pl\\\/\",\"name\":\"\",\"description\":\"\",\"potentialAction\":[{\"@type\":\"SearchAction\",\"target\":{\"@type\":\"EntryPoint\",\"urlTemplate\":\"https:\\\/\\\/sloncejewelry.pl\\\/?s={search_term_string}\"},\"query-input\":{\"@type\":\"PropertyValueSpecification\",\"valueRequired\":true,\"valueName\":\"search_term_string\"}}],\"inLanguage\":\"pl-PL\"}]}<\/script>\n<!-- \/ Yoast SEO plugin. -->","yoast_head_json":{"title":"Pink lemon. -","robots":{"index":"index","follow":"follow","max-snippet":"max-snippet:-1","max-image-preview":"max-image-preview:large","max-video-preview":"max-video-preview:-1"},"canonical":"https:\/\/sloncejewelry.pl\/?product=pink-lemon","og_locale":"pl_PL","og_type":"article","og_title":"Pink lemon. -","og_description":"S\u0142oneczny naszyjnik z cytrynk\u0105 \u2013 soczysty akcent na ka\u017cdy dzie\u0144 Wprowad\u017a do swojej bi\u017cuterii odrobin\u0119 s\u0142o\u0144ca dzi\u0119ki wyj\u0105tkowemu naszyjnikowi z cytrynk\u0105 na r\u00f3\u017cowych koralikach. Ten soczysty, pe\u0142en energii dodatek przywo\u0142uje wspomnienia ciep\u0142ych dni, pla\u017cy, morza i niezapomnianych chwil sp\u0119dzonych razem. Delikatne r\u00f3\u017cowe koraliki pi\u0119knie podkre\u015blaj\u0105 \u017c\u00f3\u0142t\u0105 cytrynk\u0119, tworz\u0105c radosn\u0105, wakacyjn\u0105 kompozycj\u0119, kt\u00f3ra roz\u015bwietli ka\u017cd\u0105 stylizacj\u0119...","og_url":"https:\/\/sloncejewelry.pl\/?product=pink-lemon","article_modified_time":"2025-05-15T19:22:58+00:00","twitter_card":"summary_large_image","twitter_misc":{"Szacowany czas czytania":"2 minuty"},"schema":{"@context":"https:\/\/schema.org","@graph":[{"@type":"WebPage","@id":"https:\/\/sloncejewelry.pl\/?product=pink-lemon","url":"https:\/\/sloncejewelry.pl\/?product=pink-lemon","name":"Pink lemon. -","isPartOf":{"@id":"https:\/\/sloncejewelry.pl\/#website"},"primaryImageOfPage":{"@id":"https:\/\/sloncejewelry.pl\/?product=pink-lemon#primaryimage"},"image":{"@id":"https:\/\/sloncejewelry.pl\/?product=pink-lemon#primaryimage"},"thumbnailUrl":"https:\/\/sloncejewelry.pl\/wp-content\/uploads\/2025\/05\/IMG_7741-scaled.jpg","datePublished":"2025-05-15T19:15:51+00:00","dateModified":"2025-05-15T19:22:58+00:00","breadcrumb":{"@id":"https:\/\/sloncejewelry.pl\/?product=pink-lemon#breadcrumb"},"inLanguage":"pl-PL","potentialAction":[{"@type":"ReadAction","target":["https:\/\/sloncejewelry.pl\/?product=pink-lemon"]}]},{"@type":"ImageObject","inLanguage":"pl-PL","@id":"https:\/\/sloncejewelry.pl\/?product=pink-lemon#primaryimage","url":"https:\/\/sloncejewelry.pl\/wp-content\/uploads\/2025\/05\/IMG_7741-scaled.jpg","contentUrl":"https:\/\/sloncejewelry.pl\/wp-content\/uploads\/2025\/05\/IMG_7741-scaled.jpg","width":1920,"height":2560,"caption":"naszyjnik z cytrynk\u0105"},{"@type":"BreadcrumbList","@id":"https:\/\/sloncejewelry.pl\/?product=pink-lemon#breadcrumb","itemListElement":[{"@type":"ListItem","position":1,"name":"Strona g\u0142\u00f3wna","item":"https:\/\/sloncejewelry.pl\/"},{"@type":"ListItem","position":2,"name":"Sklep","item":"https:\/\/sloncejewelry.pl\/?page_id=408"},{"@type":"ListItem","position":3,"name":"Pink lemon."}]},{"@type":"WebSite","@id":"https:\/\/sloncejewelry.pl\/#website","url":"https:\/\/sloncejewelry.pl\/","name":"","description":"","potentialAction":[{"@type":"SearchAction","target":{"@type":"EntryPoint","urlTemplate":"https:\/\/sloncejewelry.pl\/?s={search_term_string}"},"query-input":{"@type":"PropertyValueSpecification","valueRequired":true,"valueName":"search_term_string"}}],"inLanguage":"pl-PL"}]}},"jetpack_sharing_enabled":true,"_links":{"self":[{"href":"https:\/\/sloncejewelry.pl\/index.php?rest_route=\/wp\/v2\/product\/911","targetHints":{"allow":["GET"]}}],"collection":[{"href":"https:\/\/sloncejewelry.pl\/index.php?rest_route=\/wp\/v2\/product"}],"about":[{"href":"https:\/\/sloncejewelry.pl\/index.php?rest_route=\/wp\/v2\/types\/product"}],"replies":[{"embeddable":true,"href":"https:\/\/sloncejewelry.pl\/index.php?rest_route=%2Fwp%2Fv2%2Fcomments&post=911"}],"wp:featuredmedia":[{"embeddable":true,"href":"https:\/\/sloncejewelry.pl\/index.php?rest_route=\/wp\/v2\/media\/912"}],"wp:attachment":[{"href":"https:\/\/sloncejewelry.pl\/index.php?rest_route=%2Fwp%2Fv2%2Fmedia&parent=911"}],"wp:term":[{"taxonomy":"product_brand","embeddable":true,"href":"https:\/\/sloncejewelry.pl\/index.php?rest_route=%2Fwp%2Fv2%2Fproduct_brand&post=911"},{"taxonomy":"product_cat","embeddable":true,"href":"https:\/\/sloncejewelry.pl\/index.php?rest_route=%2Fwp%2Fv2%2Fproduct_cat&post=911"},{"taxonomy":"product_tag","embeddable":true,"href":"https:\/\/sloncejewelry.pl\/index.php?rest_route=%2Fwp%2Fv2%2Fproduct_tag&post=911"}],"curies":[{"name":"wp","href":"https:\/\/api.w.org\/{rel}","templated":true}]}}