{"id":1738,"date":"2025-10-21T20:12:57","date_gmt":"2025-10-21T18:12:57","guid":{"rendered":"https:\/\/sloncejewelry.pl\/?post_type=product&#038;p=1738"},"modified":"2025-11-18T19:48:45","modified_gmt":"2025-11-18T18:48:45","slug":"autumn-sunrise","status":"publish","type":"product","link":"https:\/\/sloncejewelry.pl\/?product=autumn-sunrise","title":{"rendered":"Autumn sunrise"},"content":{"rendered":"<h2 class=\"mb-2 mt-4 font-display font-semimedium text-base first:mt-0\">Delikatny naszyjnik ze szklanych koralik\u00f3w z r\u0119cznie robionymi owockami<\/h2>\n<p class=\"my-2 [&amp;+p]:mt-4 [&amp;_strong:has(+br)]:inline-block [&amp;_strong:has(+br)]:pb-2\">Pi\u0119kny, subtelny naszyjnik wykonany ze szklanych koralik\u00f3w z drobnymi, r\u0119cznie robionymi owockami, kt\u00f3re dodaj\u0105 mu uroku i wyj\u0105tkowego charakteru. Ka\u017cdy owoc zosta\u0142 stworzony z precyzj\u0105 i dba\u0142o\u015bci\u0105 o najmniejsze detale, dzi\u0119ki czemu ca\u0142o\u015b\u0107 wygl\u0105da niezwykle finezyjnie i lekko.\u200b<\/p>\n<p class=\"my-2 [&amp;+p]:mt-4 [&amp;_strong:has(+br)]:inline-block [&amp;_strong:has(+br)]:pb-2\">Obie wersje kolorystyczne tego naszyjnika zachwycaj\u0105 \u2013 s\u0105 delikatne, uniwersalne i jednocze\u015bnie cudownie jesienne. Ich barwy wspaniale si\u0119 komponuj\u0105, \u0142\u0105cz\u0105c w sobie odrobin\u0119 elegancji z radosn\u0105 \u015bwie\u017co\u015bci\u0105. To bi\u017cuteria, kt\u00f3ra pasuje do wielu stylizacji i pi\u0119knie podkre\u015bla indywidualny styl.\u200b<\/p>\n<p class=\"my-2 [&amp;+p]:mt-4 [&amp;_strong:has(+br)]:inline-block [&amp;_strong:has(+br)]:pb-2\">Wykonany w ca\u0142o\u015bci r\u0119cznie z najwy\u017csz\u0105 staranno\u015bci\u0105, naszyjnik stanowi ma\u0142e dzie\u0142o sztuki, kt\u00f3re urzeka subtelno\u015bci\u0105 i wyj\u0105tkowo\u015bci\u0105 przy ka\u017cdym spojrzeniu.<\/p>\n<p class=\"my-2 [&amp;+p]:mt-4 [&amp;_strong:has(+br)]:inline-block [&amp;_strong:has(+br)]:pb-2\"><span style=\"font-family: var(--global-body-font-family);\">Jak dba\u0107 o bi\u017cuteri\u0119:<br \/>\n<\/span><span style=\"font-family: var(--global-body-font-family);\">1.Zdejmuj bi\u017cuteri\u0119 do snu oraz k\u0105pieli.<br \/>\n<\/span><span style=\"font-family: var(--global-body-font-family);\">2.Unikaj kontaktu z detergentami, balsamami, perfumami.<br \/>\n<\/span><span style=\"font-family: var(--global-body-font-family);\">3.Przechowuj bi\u017cuteri\u0119 w zamkni\u0119tym pude\u0142eczku.<br \/>\n<\/span><span style=\"font-family: var(--global-body-font-family);\">4.Przecieraj specjalnie do tego przeznaczon\u0105 szmatk\u0105.<br \/>\n<\/span><span style=\"font-family: var(--global-body-font-family);\">5.Zdejmuj podczas opalania i ograniczaj d\u0142ugotrwa\u0142y kontakt z promieniami<br \/>\ns\u0142onecznymi.<\/span><\/p>\n<p class=\"my-2 [&amp;+p]:mt-4 [&amp;_strong:has(+br)]:inline-block [&amp;_strong:has(+br)]:pb-2\"><span style=\"font-family: var(--global-body-font-family);\">Stosowanie si\u0119 do powy\u017cszych zasad pozwoli si\u0119 d\u0142ugo cieszy\u0107 pi\u0119kn\u0105 bi\u017cuteri\u0105.<\/span><\/p>\n","protected":false},"excerpt":{"rendered":"<p>Delikatny naszyjnik ze szklanych koralik\u00f3w z r\u0119cznie robionymi owockami Pi\u0119kny, subtelny naszyjnik wykonany ze szklanych koralik\u00f3w z drobnymi, r\u0119cznie robionymi owockami, kt\u00f3re dodaj\u0105 mu uroku i wyj\u0105tkowego charakteru. Ka\u017cdy owoc zosta\u0142 stworzony z precyzj\u0105 i dba\u0142o\u015bci\u0105 o najmniejsze detale, dzi\u0119ki czemu ca\u0142o\u015b\u0107 wygl\u0105da niezwykle finezyjnie i lekko.\u200b Obie wersje kolorystyczne tego naszyjnika zachwycaj\u0105 \u2013 s\u0105&#8230;<\/p>\n","protected":false},"featured_media":1743,"comment_status":"open","ping_status":"closed","template":"","meta":{"_kadence_starter_templates_imported_post":false,"_kad_post_transparent":"default","_kad_post_title":"","_kad_post_layout":"default","_kad_post_sidebar_id":"","_kad_post_content_style":"default","_kad_post_vertical_padding":"default","_kad_post_feature":"","_kad_post_feature_position":"","_kad_post_header":false,"_kad_post_footer":false},"product_brand":[],"product_cat":[19],"product_tag":[46,25,36,45,27],"class_list":{"0":"post-1738","1":"product","2":"type-product","3":"status-publish","4":"has-post-thumbnail","6":"product_cat-naszyjniki","7":"product_tag-bizuteria","8":"product_tag-naszyjnik-z-owockami","9":"product_tag-prezent","10":"product_tag-recznie-szyty-naszyjnik","11":"product_tag-szklana-bizuteria","13":"first","14":"onbackorder","15":"shipping-taxable","16":"purchasable","17":"product-type-variable","18":"entry","19":"content-bg","20":"loop-entry"},"yoast_head":"<!-- This site is optimized with the Yoast SEO plugin v27.4 - https:\/\/yoast.com\/product\/yoast-seo-wordpress\/ -->\n<title>Autumn sunrise -<\/title>\n<meta name=\"robots\" content=\"index, follow, max-snippet:-1, max-image-preview:large, max-video-preview:-1\" \/>\n<link rel=\"canonical\" href=\"https:\/\/sloncejewelry.pl\/?product=autumn-sunrise\" \/>\n<meta property=\"og:locale\" content=\"pl_PL\" \/>\n<meta property=\"og:type\" content=\"article\" \/>\n<meta property=\"og:title\" content=\"Autumn sunrise -\" \/>\n<meta property=\"og:description\" content=\"Delikatny naszyjnik ze szklanych koralik\u00f3w z r\u0119cznie robionymi owockami Pi\u0119kny, subtelny naszyjnik wykonany ze szklanych koralik\u00f3w z drobnymi, r\u0119cznie robionymi owockami, kt\u00f3re dodaj\u0105 mu uroku i wyj\u0105tkowego charakteru. Ka\u017cdy owoc zosta\u0142 stworzony z precyzj\u0105 i dba\u0142o\u015bci\u0105 o najmniejsze detale, dzi\u0119ki czemu ca\u0142o\u015b\u0107 wygl\u0105da niezwykle finezyjnie i lekko.\u200b Obie wersje kolorystyczne tego naszyjnika zachwycaj\u0105 \u2013 s\u0105...\" \/>\n<meta property=\"og:url\" content=\"https:\/\/sloncejewelry.pl\/?product=autumn-sunrise\" \/>\n<meta property=\"article:modified_time\" content=\"2025-11-18T18:48:45+00:00\" \/>\n<meta name=\"twitter:card\" content=\"summary_large_image\" \/>\n<meta name=\"twitter:label1\" content=\"Szacowany czas czytania\" \/>\n\t<meta name=\"twitter:data1\" content=\"2 minuty\" \/>\n<script type=\"application\/ld+json\" class=\"yoast-schema-graph\">{\"@context\":\"https:\\\/\\\/schema.org\",\"@graph\":[{\"@type\":\"WebPage\",\"@id\":\"https:\\\/\\\/sloncejewelry.pl\\\/?product=autumn-sunrise\",\"url\":\"https:\\\/\\\/sloncejewelry.pl\\\/?product=autumn-sunrise\",\"name\":\"Autumn sunrise -\",\"isPartOf\":{\"@id\":\"https:\\\/\\\/sloncejewelry.pl\\\/#website\"},\"primaryImageOfPage\":{\"@id\":\"https:\\\/\\\/sloncejewelry.pl\\\/?product=autumn-sunrise#primaryimage\"},\"image\":{\"@id\":\"https:\\\/\\\/sloncejewelry.pl\\\/?product=autumn-sunrise#primaryimage\"},\"thumbnailUrl\":\"https:\\\/\\\/sloncejewelry.pl\\\/wp-content\\\/uploads\\\/2025\\\/10\\\/IMG_5491-scaled.jpg\",\"datePublished\":\"2025-10-21T18:12:57+00:00\",\"dateModified\":\"2025-11-18T18:48:45+00:00\",\"breadcrumb\":{\"@id\":\"https:\\\/\\\/sloncejewelry.pl\\\/?product=autumn-sunrise#breadcrumb\"},\"inLanguage\":\"pl-PL\",\"potentialAction\":[{\"@type\":\"ReadAction\",\"target\":[\"https:\\\/\\\/sloncejewelry.pl\\\/?product=autumn-sunrise\"]}]},{\"@type\":\"ImageObject\",\"inLanguage\":\"pl-PL\",\"@id\":\"https:\\\/\\\/sloncejewelry.pl\\\/?product=autumn-sunrise#primaryimage\",\"url\":\"https:\\\/\\\/sloncejewelry.pl\\\/wp-content\\\/uploads\\\/2025\\\/10\\\/IMG_5491-scaled.jpg\",\"contentUrl\":\"https:\\\/\\\/sloncejewelry.pl\\\/wp-content\\\/uploads\\\/2025\\\/10\\\/IMG_5491-scaled.jpg\",\"width\":1920,\"height\":2560,\"caption\":\"naszyjnik autumn Sunrise ze szklanych koralik\u00f3w\"},{\"@type\":\"BreadcrumbList\",\"@id\":\"https:\\\/\\\/sloncejewelry.pl\\\/?product=autumn-sunrise#breadcrumb\",\"itemListElement\":[{\"@type\":\"ListItem\",\"position\":1,\"name\":\"Strona g\u0142\u00f3wna\",\"item\":\"https:\\\/\\\/sloncejewelry.pl\\\/\"},{\"@type\":\"ListItem\",\"position\":2,\"name\":\"Sklep\",\"item\":\"https:\\\/\\\/sloncejewelry.pl\\\/?page_id=408\"},{\"@type\":\"ListItem\",\"position\":3,\"name\":\"Autumn sunrise\"}]},{\"@type\":\"WebSite\",\"@id\":\"https:\\\/\\\/sloncejewelry.pl\\\/#website\",\"url\":\"https:\\\/\\\/sloncejewelry.pl\\\/\",\"name\":\"\",\"description\":\"\",\"potentialAction\":[{\"@type\":\"SearchAction\",\"target\":{\"@type\":\"EntryPoint\",\"urlTemplate\":\"https:\\\/\\\/sloncejewelry.pl\\\/?s={search_term_string}\"},\"query-input\":{\"@type\":\"PropertyValueSpecification\",\"valueRequired\":true,\"valueName\":\"search_term_string\"}}],\"inLanguage\":\"pl-PL\"}]}<\/script>\n<!-- \/ Yoast SEO plugin. -->","yoast_head_json":{"title":"Autumn sunrise -","robots":{"index":"index","follow":"follow","max-snippet":"max-snippet:-1","max-image-preview":"max-image-preview:large","max-video-preview":"max-video-preview:-1"},"canonical":"https:\/\/sloncejewelry.pl\/?product=autumn-sunrise","og_locale":"pl_PL","og_type":"article","og_title":"Autumn sunrise -","og_description":"Delikatny naszyjnik ze szklanych koralik\u00f3w z r\u0119cznie robionymi owockami Pi\u0119kny, subtelny naszyjnik wykonany ze szklanych koralik\u00f3w z drobnymi, r\u0119cznie robionymi owockami, kt\u00f3re dodaj\u0105 mu uroku i wyj\u0105tkowego charakteru. Ka\u017cdy owoc zosta\u0142 stworzony z precyzj\u0105 i dba\u0142o\u015bci\u0105 o najmniejsze detale, dzi\u0119ki czemu ca\u0142o\u015b\u0107 wygl\u0105da niezwykle finezyjnie i lekko.\u200b Obie wersje kolorystyczne tego naszyjnika zachwycaj\u0105 \u2013 s\u0105...","og_url":"https:\/\/sloncejewelry.pl\/?product=autumn-sunrise","article_modified_time":"2025-11-18T18:48:45+00:00","twitter_card":"summary_large_image","twitter_misc":{"Szacowany czas czytania":"2 minuty"},"schema":{"@context":"https:\/\/schema.org","@graph":[{"@type":"WebPage","@id":"https:\/\/sloncejewelry.pl\/?product=autumn-sunrise","url":"https:\/\/sloncejewelry.pl\/?product=autumn-sunrise","name":"Autumn sunrise -","isPartOf":{"@id":"https:\/\/sloncejewelry.pl\/#website"},"primaryImageOfPage":{"@id":"https:\/\/sloncejewelry.pl\/?product=autumn-sunrise#primaryimage"},"image":{"@id":"https:\/\/sloncejewelry.pl\/?product=autumn-sunrise#primaryimage"},"thumbnailUrl":"https:\/\/sloncejewelry.pl\/wp-content\/uploads\/2025\/10\/IMG_5491-scaled.jpg","datePublished":"2025-10-21T18:12:57+00:00","dateModified":"2025-11-18T18:48:45+00:00","breadcrumb":{"@id":"https:\/\/sloncejewelry.pl\/?product=autumn-sunrise#breadcrumb"},"inLanguage":"pl-PL","potentialAction":[{"@type":"ReadAction","target":["https:\/\/sloncejewelry.pl\/?product=autumn-sunrise"]}]},{"@type":"ImageObject","inLanguage":"pl-PL","@id":"https:\/\/sloncejewelry.pl\/?product=autumn-sunrise#primaryimage","url":"https:\/\/sloncejewelry.pl\/wp-content\/uploads\/2025\/10\/IMG_5491-scaled.jpg","contentUrl":"https:\/\/sloncejewelry.pl\/wp-content\/uploads\/2025\/10\/IMG_5491-scaled.jpg","width":1920,"height":2560,"caption":"naszyjnik autumn Sunrise ze szklanych koralik\u00f3w"},{"@type":"BreadcrumbList","@id":"https:\/\/sloncejewelry.pl\/?product=autumn-sunrise#breadcrumb","itemListElement":[{"@type":"ListItem","position":1,"name":"Strona g\u0142\u00f3wna","item":"https:\/\/sloncejewelry.pl\/"},{"@type":"ListItem","position":2,"name":"Sklep","item":"https:\/\/sloncejewelry.pl\/?page_id=408"},{"@type":"ListItem","position":3,"name":"Autumn sunrise"}]},{"@type":"WebSite","@id":"https:\/\/sloncejewelry.pl\/#website","url":"https:\/\/sloncejewelry.pl\/","name":"","description":"","potentialAction":[{"@type":"SearchAction","target":{"@type":"EntryPoint","urlTemplate":"https:\/\/sloncejewelry.pl\/?s={search_term_string}"},"query-input":{"@type":"PropertyValueSpecification","valueRequired":true,"valueName":"search_term_string"}}],"inLanguage":"pl-PL"}]}},"jetpack_sharing_enabled":true,"_links":{"self":[{"href":"https:\/\/sloncejewelry.pl\/index.php?rest_route=\/wp\/v2\/product\/1738","targetHints":{"allow":["GET"]}}],"collection":[{"href":"https:\/\/sloncejewelry.pl\/index.php?rest_route=\/wp\/v2\/product"}],"about":[{"href":"https:\/\/sloncejewelry.pl\/index.php?rest_route=\/wp\/v2\/types\/product"}],"replies":[{"embeddable":true,"href":"https:\/\/sloncejewelry.pl\/index.php?rest_route=%2Fwp%2Fv2%2Fcomments&post=1738"}],"wp:featuredmedia":[{"embeddable":true,"href":"https:\/\/sloncejewelry.pl\/index.php?rest_route=\/wp\/v2\/media\/1743"}],"wp:attachment":[{"href":"https:\/\/sloncejewelry.pl\/index.php?rest_route=%2Fwp%2Fv2%2Fmedia&parent=1738"}],"wp:term":[{"taxonomy":"product_brand","embeddable":true,"href":"https:\/\/sloncejewelry.pl\/index.php?rest_route=%2Fwp%2Fv2%2Fproduct_brand&post=1738"},{"taxonomy":"product_cat","embeddable":true,"href":"https:\/\/sloncejewelry.pl\/index.php?rest_route=%2Fwp%2Fv2%2Fproduct_cat&post=1738"},{"taxonomy":"product_tag","embeddable":true,"href":"https:\/\/sloncejewelry.pl\/index.php?rest_route=%2Fwp%2Fv2%2Fproduct_tag&post=1738"}],"curies":[{"name":"wp","href":"https:\/\/api.w.org\/{rel}","templated":true}]}}