{"id":1506,"date":"2025-08-27T20:01:55","date_gmt":"2025-08-27T18:01:55","guid":{"rendered":"https:\/\/sloncejewelry.pl\/?post_type=product&#038;p=1506"},"modified":"2025-09-18T18:09:24","modified_gmt":"2025-09-18T16:09:24","slug":"sunny-starfish","status":"publish","type":"product","link":"https:\/\/sloncejewelry.pl\/?product=sunny-starfish","title":{"rendered":"Sunny starfish"},"content":{"rendered":"<p class=\"my-2 [&amp;+p]:mt-4 [&amp;_strong:has(+br)]:inline-block [&amp;_strong:has(+br)]:pb-2\">\u2728 <strong>Naszyjnik z rozgwiazd\u0105 \u2013 letnie s\u0142o\u0144ce i jesienny urok<\/strong> \u2728<\/p>\n<p class=\"my-2 [&amp;+p]:mt-4 [&amp;_strong:has(+br)]:inline-block [&amp;_strong:has(+br)]:pb-2\">R\u0119cznie uszyta ze szklanych koralik\u00f3w rozgwiazda w odcieniach mase\u0142ka i jaskrawszej \u017c\u00f3\u0142ci roz\u015bwietla ka\u017cdy dzie\u0144 niczym promie\u0144 s\u0142o\u0144ca. Jej barwy nios\u0105 wspomnienie beztroskiego lata, a subtelne akcenty czerwieni wplecione w naszyjnik dodaj\u0105 mu g\u0142\u0119bi i przywo\u0142uj\u0105 ciep\u0142o jesiennych barw.<\/p>\n<p class=\"my-2 [&amp;+p]:mt-4 [&amp;_strong:has(+br)]:inline-block [&amp;_strong:has(+br)]:pb-2\">To bi\u017cuteria pe\u0142na kontrast\u00f3w \u2013 pogodna i s\u0142oneczna, a zarazem nastrojowa i przytulna. Ka\u017cdy detal zosta\u0142 wykonany z dba\u0142o\u015bci\u0105 o kunszt i precyzj\u0119, dzi\u0119ki czemu naszyjnik staje si\u0119 ponadczasowym dodatkiem, kt\u00f3ry nie tylko przyci\u0105ga spojrzenia, ale te\u017c opowiada o pi\u0119knie natury w r\u00f3\u017cnych jej ods\u0142onach.<\/p>\n<p class=\"my-2 [&amp;+p]:mt-4 [&amp;_strong:has(+br)]:inline-block [&amp;_strong:has(+br)]:pb-2\">Delikatny, a jednocze\u015bnie wyrazisty \u2013 idealny zar\u00f3wno do letnich stylizacji, jak i na ch\u0142odniejsze dni, jako wyj\u0105tkowy akcent, kt\u00f3ry roz\u015bwietli Tw\u00f3j wygl\u0105d.<\/p>\n<p class=\"my-2 [&amp;+p]:mt-4 [&amp;_strong:has(+br)]:inline-block [&amp;_strong:has(+br)]:pb-2\">Jak dba\u0107 o bi\u017cuteri\u0119:<\/p>\n<p class=\"my-2 [&amp;+p]:mt-4 [&amp;_strong:has(+br)]:inline-block [&amp;_strong:has(+br)]:pb-2\">1.Zdejmuj bi\u017cuteri\u0119 do snu oraz k\u0105pieli.<\/p>\n<p class=\"my-2 [&amp;+p]:mt-4 [&amp;_strong:has(+br)]:inline-block [&amp;_strong:has(+br)]:pb-2\">2.Unikaj kontaktu z detergentami, balsamami, perfumami.<\/p>\n<p class=\"my-2 [&amp;+p]:mt-4 [&amp;_strong:has(+br)]:inline-block [&amp;_strong:has(+br)]:pb-2\">3.Przechowuj bi\u017cuteri\u0119 w zamkni\u0119tym pude\u0142eczku.<\/p>\n<p class=\"my-2 [&amp;+p]:mt-4 [&amp;_strong:has(+br)]:inline-block [&amp;_strong:has(+br)]:pb-2\">4.Przecieraj specjalnie do tego przeznaczon\u0105 szmatk\u0105.<\/p>\n<p class=\"my-2 [&amp;+p]:mt-4 [&amp;_strong:has(+br)]:inline-block [&amp;_strong:has(+br)]:pb-2\">5.Zdejmuj podczas opalania i ograniczaj d\u0142ugotrwa\u0142y kontakt z promieniami s\u0142onecznymi.<\/p>\n<p class=\"my-2 [&amp;+p]:mt-4 [&amp;_strong:has(+br)]:inline-block [&amp;_strong:has(+br)]:pb-2\">Stosowanie si\u0119 do powy\u017cszych zasad pozwoli si\u0119 d\u0142ugo cieszy\u0107 pi\u0119kn\u0105 bi\u017cuteri\u0105.<\/p>\n","protected":false},"excerpt":{"rendered":"<p>\u2728 Naszyjnik z rozgwiazd\u0105 \u2013 letnie s\u0142o\u0144ce i jesienny urok \u2728 R\u0119cznie uszyta ze szklanych koralik\u00f3w rozgwiazda w odcieniach mase\u0142ka i jaskrawszej \u017c\u00f3\u0142ci roz\u015bwietla ka\u017cdy dzie\u0144 niczym promie\u0144 s\u0142o\u0144ca. Jej barwy nios\u0105 wspomnienie beztroskiego lata, a subtelne akcenty czerwieni wplecione w naszyjnik dodaj\u0105 mu g\u0142\u0119bi i przywo\u0142uj\u0105 ciep\u0142o jesiennych barw. To bi\u017cuteria pe\u0142na kontrast\u00f3w \u2013&#8230;<\/p>\n","protected":false},"featured_media":1507,"comment_status":"open","ping_status":"closed","template":"","meta":{"_kadence_starter_templates_imported_post":false,"_kad_post_transparent":"default","_kad_post_title":"","_kad_post_layout":"default","_kad_post_sidebar_id":"","_kad_post_content_style":"default","_kad_post_vertical_padding":"default","_kad_post_feature":"","_kad_post_feature_position":"","_kad_post_header":false,"_kad_post_footer":false},"product_brand":[],"product_cat":[19],"product_tag":[46,22,61,45,27],"class_list":{"0":"post-1506","1":"product","2":"type-product","3":"status-publish","4":"has-post-thumbnail","6":"product_cat-naszyjniki","7":"product_tag-bizuteria","8":"product_tag-koraliki","9":"product_tag-naszyjnik-z-rozgwiazda","10":"product_tag-recznie-szyty-naszyjnik","11":"product_tag-szklana-bizuteria","13":"first","14":"instock","15":"shipping-taxable","16":"purchasable","17":"product-type-simple","18":"entry","19":"content-bg","20":"loop-entry"},"yoast_head":"<!-- This site is optimized with the Yoast SEO plugin v27.4 - https:\/\/yoast.com\/product\/yoast-seo-wordpress\/ -->\n<title>Sunny starfish -<\/title>\n<meta name=\"robots\" content=\"index, follow, max-snippet:-1, max-image-preview:large, max-video-preview:-1\" \/>\n<link rel=\"canonical\" href=\"https:\/\/sloncejewelry.pl\/?product=sunny-starfish\" \/>\n<meta property=\"og:locale\" content=\"pl_PL\" \/>\n<meta property=\"og:type\" content=\"article\" \/>\n<meta property=\"og:title\" content=\"Sunny starfish -\" \/>\n<meta property=\"og:description\" content=\"\u2728 Naszyjnik z rozgwiazd\u0105 \u2013 letnie s\u0142o\u0144ce i jesienny urok \u2728 R\u0119cznie uszyta ze szklanych koralik\u00f3w rozgwiazda w odcieniach mase\u0142ka i jaskrawszej \u017c\u00f3\u0142ci roz\u015bwietla ka\u017cdy dzie\u0144 niczym promie\u0144 s\u0142o\u0144ca. Jej barwy nios\u0105 wspomnienie beztroskiego lata, a subtelne akcenty czerwieni wplecione w naszyjnik dodaj\u0105 mu g\u0142\u0119bi i przywo\u0142uj\u0105 ciep\u0142o jesiennych barw. To bi\u017cuteria pe\u0142na kontrast\u00f3w \u2013...\" \/>\n<meta property=\"og:url\" content=\"https:\/\/sloncejewelry.pl\/?product=sunny-starfish\" \/>\n<meta property=\"article:modified_time\" content=\"2025-09-18T16:09:24+00:00\" \/>\n<meta name=\"twitter:card\" content=\"summary_large_image\" \/>\n<meta name=\"twitter:label1\" content=\"Szacowany czas czytania\" \/>\n\t<meta name=\"twitter:data1\" content=\"2 minuty\" \/>\n<script type=\"application\/ld+json\" class=\"yoast-schema-graph\">{\"@context\":\"https:\\\/\\\/schema.org\",\"@graph\":[{\"@type\":\"WebPage\",\"@id\":\"https:\\\/\\\/sloncejewelry.pl\\\/?product=sunny-starfish\",\"url\":\"https:\\\/\\\/sloncejewelry.pl\\\/?product=sunny-starfish\",\"name\":\"Sunny starfish -\",\"isPartOf\":{\"@id\":\"https:\\\/\\\/sloncejewelry.pl\\\/#website\"},\"primaryImageOfPage\":{\"@id\":\"https:\\\/\\\/sloncejewelry.pl\\\/?product=sunny-starfish#primaryimage\"},\"image\":{\"@id\":\"https:\\\/\\\/sloncejewelry.pl\\\/?product=sunny-starfish#primaryimage\"},\"thumbnailUrl\":\"https:\\\/\\\/sloncejewelry.pl\\\/wp-content\\\/uploads\\\/2025\\\/08\\\/IMG_3509-scaled.jpg\",\"datePublished\":\"2025-08-27T18:01:55+00:00\",\"dateModified\":\"2025-09-18T16:09:24+00:00\",\"breadcrumb\":{\"@id\":\"https:\\\/\\\/sloncejewelry.pl\\\/?product=sunny-starfish#breadcrumb\"},\"inLanguage\":\"pl-PL\",\"potentialAction\":[{\"@type\":\"ReadAction\",\"target\":[\"https:\\\/\\\/sloncejewelry.pl\\\/?product=sunny-starfish\"]}]},{\"@type\":\"ImageObject\",\"inLanguage\":\"pl-PL\",\"@id\":\"https:\\\/\\\/sloncejewelry.pl\\\/?product=sunny-starfish#primaryimage\",\"url\":\"https:\\\/\\\/sloncejewelry.pl\\\/wp-content\\\/uploads\\\/2025\\\/08\\\/IMG_3509-scaled.jpg\",\"contentUrl\":\"https:\\\/\\\/sloncejewelry.pl\\\/wp-content\\\/uploads\\\/2025\\\/08\\\/IMG_3509-scaled.jpg\",\"width\":1920,\"height\":2560,\"caption\":\"naszyjnik z rozgwiazd\u0105\"},{\"@type\":\"BreadcrumbList\",\"@id\":\"https:\\\/\\\/sloncejewelry.pl\\\/?product=sunny-starfish#breadcrumb\",\"itemListElement\":[{\"@type\":\"ListItem\",\"position\":1,\"name\":\"Strona g\u0142\u00f3wna\",\"item\":\"https:\\\/\\\/sloncejewelry.pl\\\/\"},{\"@type\":\"ListItem\",\"position\":2,\"name\":\"Sklep\",\"item\":\"https:\\\/\\\/sloncejewelry.pl\\\/?page_id=408\"},{\"@type\":\"ListItem\",\"position\":3,\"name\":\"Sunny starfish\"}]},{\"@type\":\"WebSite\",\"@id\":\"https:\\\/\\\/sloncejewelry.pl\\\/#website\",\"url\":\"https:\\\/\\\/sloncejewelry.pl\\\/\",\"name\":\"\",\"description\":\"\",\"potentialAction\":[{\"@type\":\"SearchAction\",\"target\":{\"@type\":\"EntryPoint\",\"urlTemplate\":\"https:\\\/\\\/sloncejewelry.pl\\\/?s={search_term_string}\"},\"query-input\":{\"@type\":\"PropertyValueSpecification\",\"valueRequired\":true,\"valueName\":\"search_term_string\"}}],\"inLanguage\":\"pl-PL\"}]}<\/script>\n<!-- \/ Yoast SEO plugin. -->","yoast_head_json":{"title":"Sunny starfish -","robots":{"index":"index","follow":"follow","max-snippet":"max-snippet:-1","max-image-preview":"max-image-preview:large","max-video-preview":"max-video-preview:-1"},"canonical":"https:\/\/sloncejewelry.pl\/?product=sunny-starfish","og_locale":"pl_PL","og_type":"article","og_title":"Sunny starfish -","og_description":"\u2728 Naszyjnik z rozgwiazd\u0105 \u2013 letnie s\u0142o\u0144ce i jesienny urok \u2728 R\u0119cznie uszyta ze szklanych koralik\u00f3w rozgwiazda w odcieniach mase\u0142ka i jaskrawszej \u017c\u00f3\u0142ci roz\u015bwietla ka\u017cdy dzie\u0144 niczym promie\u0144 s\u0142o\u0144ca. Jej barwy nios\u0105 wspomnienie beztroskiego lata, a subtelne akcenty czerwieni wplecione w naszyjnik dodaj\u0105 mu g\u0142\u0119bi i przywo\u0142uj\u0105 ciep\u0142o jesiennych barw. To bi\u017cuteria pe\u0142na kontrast\u00f3w \u2013...","og_url":"https:\/\/sloncejewelry.pl\/?product=sunny-starfish","article_modified_time":"2025-09-18T16:09:24+00:00","twitter_card":"summary_large_image","twitter_misc":{"Szacowany czas czytania":"2 minuty"},"schema":{"@context":"https:\/\/schema.org","@graph":[{"@type":"WebPage","@id":"https:\/\/sloncejewelry.pl\/?product=sunny-starfish","url":"https:\/\/sloncejewelry.pl\/?product=sunny-starfish","name":"Sunny starfish -","isPartOf":{"@id":"https:\/\/sloncejewelry.pl\/#website"},"primaryImageOfPage":{"@id":"https:\/\/sloncejewelry.pl\/?product=sunny-starfish#primaryimage"},"image":{"@id":"https:\/\/sloncejewelry.pl\/?product=sunny-starfish#primaryimage"},"thumbnailUrl":"https:\/\/sloncejewelry.pl\/wp-content\/uploads\/2025\/08\/IMG_3509-scaled.jpg","datePublished":"2025-08-27T18:01:55+00:00","dateModified":"2025-09-18T16:09:24+00:00","breadcrumb":{"@id":"https:\/\/sloncejewelry.pl\/?product=sunny-starfish#breadcrumb"},"inLanguage":"pl-PL","potentialAction":[{"@type":"ReadAction","target":["https:\/\/sloncejewelry.pl\/?product=sunny-starfish"]}]},{"@type":"ImageObject","inLanguage":"pl-PL","@id":"https:\/\/sloncejewelry.pl\/?product=sunny-starfish#primaryimage","url":"https:\/\/sloncejewelry.pl\/wp-content\/uploads\/2025\/08\/IMG_3509-scaled.jpg","contentUrl":"https:\/\/sloncejewelry.pl\/wp-content\/uploads\/2025\/08\/IMG_3509-scaled.jpg","width":1920,"height":2560,"caption":"naszyjnik z rozgwiazd\u0105"},{"@type":"BreadcrumbList","@id":"https:\/\/sloncejewelry.pl\/?product=sunny-starfish#breadcrumb","itemListElement":[{"@type":"ListItem","position":1,"name":"Strona g\u0142\u00f3wna","item":"https:\/\/sloncejewelry.pl\/"},{"@type":"ListItem","position":2,"name":"Sklep","item":"https:\/\/sloncejewelry.pl\/?page_id=408"},{"@type":"ListItem","position":3,"name":"Sunny starfish"}]},{"@type":"WebSite","@id":"https:\/\/sloncejewelry.pl\/#website","url":"https:\/\/sloncejewelry.pl\/","name":"","description":"","potentialAction":[{"@type":"SearchAction","target":{"@type":"EntryPoint","urlTemplate":"https:\/\/sloncejewelry.pl\/?s={search_term_string}"},"query-input":{"@type":"PropertyValueSpecification","valueRequired":true,"valueName":"search_term_string"}}],"inLanguage":"pl-PL"}]}},"jetpack_sharing_enabled":true,"_links":{"self":[{"href":"https:\/\/sloncejewelry.pl\/index.php?rest_route=\/wp\/v2\/product\/1506","targetHints":{"allow":["GET"]}}],"collection":[{"href":"https:\/\/sloncejewelry.pl\/index.php?rest_route=\/wp\/v2\/product"}],"about":[{"href":"https:\/\/sloncejewelry.pl\/index.php?rest_route=\/wp\/v2\/types\/product"}],"replies":[{"embeddable":true,"href":"https:\/\/sloncejewelry.pl\/index.php?rest_route=%2Fwp%2Fv2%2Fcomments&post=1506"}],"wp:featuredmedia":[{"embeddable":true,"href":"https:\/\/sloncejewelry.pl\/index.php?rest_route=\/wp\/v2\/media\/1507"}],"wp:attachment":[{"href":"https:\/\/sloncejewelry.pl\/index.php?rest_route=%2Fwp%2Fv2%2Fmedia&parent=1506"}],"wp:term":[{"taxonomy":"product_brand","embeddable":true,"href":"https:\/\/sloncejewelry.pl\/index.php?rest_route=%2Fwp%2Fv2%2Fproduct_brand&post=1506"},{"taxonomy":"product_cat","embeddable":true,"href":"https:\/\/sloncejewelry.pl\/index.php?rest_route=%2Fwp%2Fv2%2Fproduct_cat&post=1506"},{"taxonomy":"product_tag","embeddable":true,"href":"https:\/\/sloncejewelry.pl\/index.php?rest_route=%2Fwp%2Fv2%2Fproduct_tag&post=1506"}],"curies":[{"name":"wp","href":"https:\/\/api.w.org\/{rel}","templated":true}]}}