{"id":1364,"date":"2025-07-14T20:21:26","date_gmt":"2025-07-14T18:21:26","guid":{"rendered":"https:\/\/sloncejewelry.pl\/?post_type=product&#038;p=1364"},"modified":"2026-04-03T09:08:38","modified_gmt":"2026-04-03T07:08:38","slug":"summer-starfish","status":"publish","type":"product","link":"https:\/\/sloncejewelry.pl\/?product=summer-starfish","title":{"rendered":"Summer starfish"},"content":{"rendered":"<h2 class=\"mb-xs mt-5 text-base font-[500] first:mt-0 dark:font-[475]\"><button class=\"hover:duration-80 duration-800 cursor-pointer text-left align-baseline inline underline decoration-textMain\/20 decoration-1 underline-offset-[5px] animate-underlineFade after:content-[&quot;&quot;] hover:text-super hover:decoration-super\/80 hover:underline-offset-[7px] dark:decoration-textMainDark\/20 dark:hover:decoration-super\/80 transition-all motion-reduce:transition-none appearance-none bg-transparent border-0 p-0 m-0 [td_&amp;]:table-cell align-baseline inline-block align-top\" type=\"button\" data-state=\"closed\">Naszyjnik ze szklanych koralik\u00f3w z r\u0119cznie szyt\u0105 rozgwiazd\u0105<\/button><\/h2>\n<p class=\"my-0\">Odkryj wyj\u0105tkowy naszyjnik, kt\u00f3ry przeniesie Ci\u0119 w \u015bwiat letnich przyg\u00f3d i podwodnych inspiracji! Ten niezwyk\u0142y dodatek zosta\u0142 wykonany z najwy\u017csz\u0105 staranno\u015bci\u0105, \u0142\u0105cz\u0105c w sobie:<\/p>\n<ul class=\"marker:text-textOff list-disc\">\n<li>\n<p class=\"my-0\"><strong><button class=\"hover:duration-80 duration-800 cursor-pointer text-left align-baseline inline underline decoration-textMain\/20 decoration-1 underline-offset-[5px] animate-underlineFade after:content-[&quot;&quot;] hover:text-super hover:decoration-super\/80 hover:underline-offset-[7px] dark:decoration-textMainDark\/20 dark:hover:decoration-super\/80 transition-all motion-reduce:transition-none appearance-none bg-transparent border-0 p-0 m-0 [td_&amp;]:table-cell align-baseline inline-block align-top\" type=\"button\" data-state=\"closed\">Szklane koraliki<\/button><\/strong> w intensywnych odcieniach czerwieni i r\u00f3\u017cu, kt\u00f3re przyci\u0105gaj\u0105 wzrok i dodaj\u0105 energii ka\u017cdej stylizacji.<\/p>\n<\/li>\n<li>\n<p class=\"my-0\"><strong><button class=\"hover:duration-80 duration-800 cursor-pointer text-left align-baseline inline underline decoration-textMain\/20 decoration-1 underline-offset-[5px] animate-underlineFade after:content-[&quot;&quot;] hover:text-super hover:decoration-super\/80 hover:underline-offset-[7px] dark:decoration-textMainDark\/20 dark:hover:decoration-super\/80 transition-all motion-reduce:transition-none appearance-none bg-transparent border-0 p-0 m-0 [td_&amp;]:table-cell align-baseline inline-block align-top\" type=\"button\" data-state=\"closed\">R\u0119cznie szyta rozgwiazda<\/button><\/strong> \u2013 wi\u0119ksza, efektowna zawieszka, misternie wykonana koralik po koraliku, z dba\u0142o\u015bci\u0105 o ka\u017cdy, nawet najdrobniejszy detal.<\/p>\n<\/li>\n<li>\n<p class=\"my-0\"><strong><button class=\"hover:duration-80 duration-800 cursor-pointer text-left align-baseline inline underline decoration-textMain\/20 decoration-1 underline-offset-[5px] animate-underlineFade after:content-[&quot;&quot;] hover:text-super hover:decoration-super\/80 hover:underline-offset-[7px] dark:decoration-textMainDark\/20 dark:hover:decoration-super\/80 transition-all motion-reduce:transition-none appearance-none bg-transparent border-0 p-0 m-0 [td_&amp;]:table-cell align-baseline inline-block align-top\" type=\"button\" data-state=\"closed\">Inspiracja raf\u0105 koralow\u0105<\/button><\/strong> \u2013 projekt nawi\u0105zuje do bogactwa kolor\u00f3w i kszta\u0142t\u00f3w podwodnego \u015bwiata, tworz\u0105c bi\u017cuteri\u0119, kt\u00f3ra zachwyca oryginalno\u015bci\u0105.<\/p>\n<\/li>\n<\/ul>\n<h2 class=\"mb-xs mt-5 text-base font-[500] first:mt-0 dark:font-[475]\"><button class=\"hover:duration-80 duration-800 cursor-pointer text-left align-baseline inline underline decoration-textMain\/20 decoration-1 underline-offset-[5px] animate-underlineFade after:content-[&quot;&quot;] hover:text-super hover:decoration-super\/80 hover:underline-offset-[7px] dark:decoration-textMainDark\/20 dark:hover:decoration-super\/80 transition-all motion-reduce:transition-none appearance-none bg-transparent border-0 p-0 m-0 [td_&amp;]:table-cell align-baseline inline-block align-top\" type=\"button\" data-state=\"closed\">Dlaczego warto wybra\u0107 ten naszyjnik?<\/button><\/h2>\n<ul class=\"marker:text-textOff list-disc\">\n<li>\n<p class=\"my-0\">To <strong>wyj\u0105tkowy, wakacyjny akcent<\/strong>, kt\u00f3ry doskonale podkre\u015bli Tw\u00f3j styl podczas letnich wyjazd\u00f3w i codziennych spacer\u00f3w.<\/p>\n<\/li>\n<li>\n<p class=\"my-0\"><strong><button class=\"hover:duration-80 duration-800 cursor-pointer text-left align-baseline inline underline decoration-textMain\/20 decoration-1 underline-offset-[5px] animate-underlineFade after:content-[&quot;&quot;] hover:text-super hover:decoration-super\/80 hover:underline-offset-[7px] dark:decoration-textMainDark\/20 dark:hover:decoration-super\/80 transition-all motion-reduce:transition-none appearance-none bg-transparent border-0 p-0 m-0 [td_&amp;]:table-cell align-baseline inline-block align-top\" type=\"button\" data-state=\"closed\">Przyci\u0105ga spojrzenia<\/button><\/strong> \u2013 intensywne barwy i niepowtarzalny wz\u00f3r sprawiaj\u0105, \u017ce trudno przej\u015b\u0107 obok niego oboj\u0119tnie.<\/p>\n<\/li>\n<li>\n<p class=\"my-0\">Idealny dla os\u00f3b, kt\u00f3re ceni\u0105 <strong>r\u0119kodzie\u0142o<\/strong> i chc\u0105 wyr\u00f3\u017cni\u0107 si\u0119 z t\u0142umu.<\/p>\n<\/li>\n<\/ul>\n<p class=\"my-0\">Podaruj sobie lub bliskiej osobie odrobin\u0119 letniej magii i pozw\u00f3l, by ten naszyjnik sta\u0142 si\u0119 Twoim ulubionym dodatkiem na ka\u017cd\u0105 okazj\u0119!<\/p>\n<p class=\"my-0\">Jak dba\u0107 o bi\u017cuteri\u0119:<\/p>\n<p class=\"my-0\">1.Zdejmuj bi\u017cuteri\u0119 do snu oraz k\u0105pieli.<\/p>\n<p class=\"my-0\">2.Unikaj kontaktu z detergentami, balsamami, perfumami.<\/p>\n<p class=\"my-0\">3.Przechowuj bi\u017cuteri\u0119 w zamkni\u0119tym pude\u0142eczku.<\/p>\n<p class=\"my-0\">4.Przecieraj specjalnie do tego przeznaczon\u0105 szmatk\u0105.<\/p>\n<p class=\"my-0\">5.Zdejmuj podczas opalania i ograniczaj d\u0142ugotrwa\u0142y kontakt z promieniami<br \/>\ns\u0142onecznymi.<\/p>\n<p class=\"my-0\">Stosowanie si\u0119 do powy\u017cszych zasad pozwoli si\u0119 d\u0142ugo cieszy\u0107 pi\u0119kn\u0105 bi\u017cuteri\u0105.<\/p>\n","protected":false},"excerpt":{"rendered":"<p>Naszyjnik ze szklanych koralik\u00f3w z r\u0119cznie szyt\u0105 rozgwiazd\u0105 Odkryj wyj\u0105tkowy naszyjnik, kt\u00f3ry przeniesie Ci\u0119 w \u015bwiat letnich przyg\u00f3d i podwodnych inspiracji! Ten niezwyk\u0142y dodatek zosta\u0142 wykonany z najwy\u017csz\u0105 staranno\u015bci\u0105, \u0142\u0105cz\u0105c w sobie: Szklane koraliki w intensywnych odcieniach czerwieni i r\u00f3\u017cu, kt\u00f3re przyci\u0105gaj\u0105 wzrok i dodaj\u0105 energii ka\u017cdej stylizacji. R\u0119cznie szyta rozgwiazda \u2013 wi\u0119ksza, efektowna zawieszka,&#8230;<\/p>\n","protected":false},"featured_media":1366,"comment_status":"open","ping_status":"closed","template":"","meta":{"_kadence_starter_templates_imported_post":false,"_kad_post_transparent":"default","_kad_post_title":"","_kad_post_layout":"default","_kad_post_sidebar_id":"","_kad_post_content_style":"default","_kad_post_vertical_padding":"default","_kad_post_feature":"","_kad_post_feature_position":"","_kad_post_header":false,"_kad_post_footer":false},"product_brand":[],"product_cat":[19],"product_tag":[60,20,61,48,27],"class_list":{"0":"post-1364","1":"product","2":"type-product","3":"status-publish","4":"has-post-thumbnail","6":"product_cat-naszyjniki","7":"product_tag-letnia-kolekcja","8":"product_tag-naszyjnik","9":"product_tag-naszyjnik-z-rozgwiazda","10":"product_tag-sloneczna-bizuteria","11":"product_tag-szklana-bizuteria","13":"first","14":"outofstock","15":"shipping-taxable","16":"purchasable","17":"product-type-simple","18":"entry","19":"content-bg","20":"loop-entry"},"yoast_head":"<!-- This site is optimized with the Yoast SEO plugin v27.4 - https:\/\/yoast.com\/product\/yoast-seo-wordpress\/ -->\n<title>Summer starfish -<\/title>\n<meta name=\"robots\" content=\"index, follow, max-snippet:-1, max-image-preview:large, max-video-preview:-1\" \/>\n<link rel=\"canonical\" href=\"https:\/\/sloncejewelry.pl\/?product=summer-starfish\" \/>\n<meta property=\"og:locale\" content=\"pl_PL\" \/>\n<meta property=\"og:type\" content=\"article\" \/>\n<meta property=\"og:title\" content=\"Summer starfish -\" \/>\n<meta property=\"og:description\" content=\"Naszyjnik ze szklanych koralik\u00f3w z r\u0119cznie szyt\u0105 rozgwiazd\u0105 Odkryj wyj\u0105tkowy naszyjnik, kt\u00f3ry przeniesie Ci\u0119 w \u015bwiat letnich przyg\u00f3d i podwodnych inspiracji! Ten niezwyk\u0142y dodatek zosta\u0142 wykonany z najwy\u017csz\u0105 staranno\u015bci\u0105, \u0142\u0105cz\u0105c w sobie: Szklane koraliki w intensywnych odcieniach czerwieni i r\u00f3\u017cu, kt\u00f3re przyci\u0105gaj\u0105 wzrok i dodaj\u0105 energii ka\u017cdej stylizacji. R\u0119cznie szyta rozgwiazda \u2013 wi\u0119ksza, efektowna zawieszka,...\" \/>\n<meta property=\"og:url\" content=\"https:\/\/sloncejewelry.pl\/?product=summer-starfish\" \/>\n<meta property=\"article:modified_time\" content=\"2026-04-03T07:08:38+00:00\" \/>\n<meta name=\"twitter:card\" content=\"summary_large_image\" \/>\n<meta name=\"twitter:label1\" content=\"Szacowany czas czytania\" \/>\n\t<meta name=\"twitter:data1\" content=\"2 minuty\" \/>\n<script type=\"application\/ld+json\" class=\"yoast-schema-graph\">{\"@context\":\"https:\\\/\\\/schema.org\",\"@graph\":[{\"@type\":\"WebPage\",\"@id\":\"https:\\\/\\\/sloncejewelry.pl\\\/?product=summer-starfish\",\"url\":\"https:\\\/\\\/sloncejewelry.pl\\\/?product=summer-starfish\",\"name\":\"Summer starfish -\",\"isPartOf\":{\"@id\":\"https:\\\/\\\/sloncejewelry.pl\\\/#website\"},\"primaryImageOfPage\":{\"@id\":\"https:\\\/\\\/sloncejewelry.pl\\\/?product=summer-starfish#primaryimage\"},\"image\":{\"@id\":\"https:\\\/\\\/sloncejewelry.pl\\\/?product=summer-starfish#primaryimage\"},\"thumbnailUrl\":\"https:\\\/\\\/sloncejewelry.pl\\\/wp-content\\\/uploads\\\/2025\\\/07\\\/IMG_1552-scaled.jpg\",\"datePublished\":\"2025-07-14T18:21:26+00:00\",\"dateModified\":\"2026-04-03T07:08:38+00:00\",\"breadcrumb\":{\"@id\":\"https:\\\/\\\/sloncejewelry.pl\\\/?product=summer-starfish#breadcrumb\"},\"inLanguage\":\"pl-PL\",\"potentialAction\":[{\"@type\":\"ReadAction\",\"target\":[\"https:\\\/\\\/sloncejewelry.pl\\\/?product=summer-starfish\"]}]},{\"@type\":\"ImageObject\",\"inLanguage\":\"pl-PL\",\"@id\":\"https:\\\/\\\/sloncejewelry.pl\\\/?product=summer-starfish#primaryimage\",\"url\":\"https:\\\/\\\/sloncejewelry.pl\\\/wp-content\\\/uploads\\\/2025\\\/07\\\/IMG_1552-scaled.jpg\",\"contentUrl\":\"https:\\\/\\\/sloncejewelry.pl\\\/wp-content\\\/uploads\\\/2025\\\/07\\\/IMG_1552-scaled.jpg\",\"width\":1920,\"height\":2560,\"caption\":\"naszyjnik z rozgwiazd\u0105\"},{\"@type\":\"BreadcrumbList\",\"@id\":\"https:\\\/\\\/sloncejewelry.pl\\\/?product=summer-starfish#breadcrumb\",\"itemListElement\":[{\"@type\":\"ListItem\",\"position\":1,\"name\":\"Strona g\u0142\u00f3wna\",\"item\":\"https:\\\/\\\/sloncejewelry.pl\\\/\"},{\"@type\":\"ListItem\",\"position\":2,\"name\":\"Sklep\",\"item\":\"https:\\\/\\\/sloncejewelry.pl\\\/?page_id=408\"},{\"@type\":\"ListItem\",\"position\":3,\"name\":\"Summer starfish\"}]},{\"@type\":\"WebSite\",\"@id\":\"https:\\\/\\\/sloncejewelry.pl\\\/#website\",\"url\":\"https:\\\/\\\/sloncejewelry.pl\\\/\",\"name\":\"\",\"description\":\"\",\"potentialAction\":[{\"@type\":\"SearchAction\",\"target\":{\"@type\":\"EntryPoint\",\"urlTemplate\":\"https:\\\/\\\/sloncejewelry.pl\\\/?s={search_term_string}\"},\"query-input\":{\"@type\":\"PropertyValueSpecification\",\"valueRequired\":true,\"valueName\":\"search_term_string\"}}],\"inLanguage\":\"pl-PL\"}]}<\/script>\n<!-- \/ Yoast SEO plugin. -->","yoast_head_json":{"title":"Summer starfish -","robots":{"index":"index","follow":"follow","max-snippet":"max-snippet:-1","max-image-preview":"max-image-preview:large","max-video-preview":"max-video-preview:-1"},"canonical":"https:\/\/sloncejewelry.pl\/?product=summer-starfish","og_locale":"pl_PL","og_type":"article","og_title":"Summer starfish -","og_description":"Naszyjnik ze szklanych koralik\u00f3w z r\u0119cznie szyt\u0105 rozgwiazd\u0105 Odkryj wyj\u0105tkowy naszyjnik, kt\u00f3ry przeniesie Ci\u0119 w \u015bwiat letnich przyg\u00f3d i podwodnych inspiracji! Ten niezwyk\u0142y dodatek zosta\u0142 wykonany z najwy\u017csz\u0105 staranno\u015bci\u0105, \u0142\u0105cz\u0105c w sobie: Szklane koraliki w intensywnych odcieniach czerwieni i r\u00f3\u017cu, kt\u00f3re przyci\u0105gaj\u0105 wzrok i dodaj\u0105 energii ka\u017cdej stylizacji. R\u0119cznie szyta rozgwiazda \u2013 wi\u0119ksza, efektowna zawieszka,...","og_url":"https:\/\/sloncejewelry.pl\/?product=summer-starfish","article_modified_time":"2026-04-03T07:08:38+00:00","twitter_card":"summary_large_image","twitter_misc":{"Szacowany czas czytania":"2 minuty"},"schema":{"@context":"https:\/\/schema.org","@graph":[{"@type":"WebPage","@id":"https:\/\/sloncejewelry.pl\/?product=summer-starfish","url":"https:\/\/sloncejewelry.pl\/?product=summer-starfish","name":"Summer starfish -","isPartOf":{"@id":"https:\/\/sloncejewelry.pl\/#website"},"primaryImageOfPage":{"@id":"https:\/\/sloncejewelry.pl\/?product=summer-starfish#primaryimage"},"image":{"@id":"https:\/\/sloncejewelry.pl\/?product=summer-starfish#primaryimage"},"thumbnailUrl":"https:\/\/sloncejewelry.pl\/wp-content\/uploads\/2025\/07\/IMG_1552-scaled.jpg","datePublished":"2025-07-14T18:21:26+00:00","dateModified":"2026-04-03T07:08:38+00:00","breadcrumb":{"@id":"https:\/\/sloncejewelry.pl\/?product=summer-starfish#breadcrumb"},"inLanguage":"pl-PL","potentialAction":[{"@type":"ReadAction","target":["https:\/\/sloncejewelry.pl\/?product=summer-starfish"]}]},{"@type":"ImageObject","inLanguage":"pl-PL","@id":"https:\/\/sloncejewelry.pl\/?product=summer-starfish#primaryimage","url":"https:\/\/sloncejewelry.pl\/wp-content\/uploads\/2025\/07\/IMG_1552-scaled.jpg","contentUrl":"https:\/\/sloncejewelry.pl\/wp-content\/uploads\/2025\/07\/IMG_1552-scaled.jpg","width":1920,"height":2560,"caption":"naszyjnik z rozgwiazd\u0105"},{"@type":"BreadcrumbList","@id":"https:\/\/sloncejewelry.pl\/?product=summer-starfish#breadcrumb","itemListElement":[{"@type":"ListItem","position":1,"name":"Strona g\u0142\u00f3wna","item":"https:\/\/sloncejewelry.pl\/"},{"@type":"ListItem","position":2,"name":"Sklep","item":"https:\/\/sloncejewelry.pl\/?page_id=408"},{"@type":"ListItem","position":3,"name":"Summer starfish"}]},{"@type":"WebSite","@id":"https:\/\/sloncejewelry.pl\/#website","url":"https:\/\/sloncejewelry.pl\/","name":"","description":"","potentialAction":[{"@type":"SearchAction","target":{"@type":"EntryPoint","urlTemplate":"https:\/\/sloncejewelry.pl\/?s={search_term_string}"},"query-input":{"@type":"PropertyValueSpecification","valueRequired":true,"valueName":"search_term_string"}}],"inLanguage":"pl-PL"}]}},"jetpack_sharing_enabled":true,"_links":{"self":[{"href":"https:\/\/sloncejewelry.pl\/index.php?rest_route=\/wp\/v2\/product\/1364","targetHints":{"allow":["GET"]}}],"collection":[{"href":"https:\/\/sloncejewelry.pl\/index.php?rest_route=\/wp\/v2\/product"}],"about":[{"href":"https:\/\/sloncejewelry.pl\/index.php?rest_route=\/wp\/v2\/types\/product"}],"replies":[{"embeddable":true,"href":"https:\/\/sloncejewelry.pl\/index.php?rest_route=%2Fwp%2Fv2%2Fcomments&post=1364"}],"wp:featuredmedia":[{"embeddable":true,"href":"https:\/\/sloncejewelry.pl\/index.php?rest_route=\/wp\/v2\/media\/1366"}],"wp:attachment":[{"href":"https:\/\/sloncejewelry.pl\/index.php?rest_route=%2Fwp%2Fv2%2Fmedia&parent=1364"}],"wp:term":[{"taxonomy":"product_brand","embeddable":true,"href":"https:\/\/sloncejewelry.pl\/index.php?rest_route=%2Fwp%2Fv2%2Fproduct_brand&post=1364"},{"taxonomy":"product_cat","embeddable":true,"href":"https:\/\/sloncejewelry.pl\/index.php?rest_route=%2Fwp%2Fv2%2Fproduct_cat&post=1364"},{"taxonomy":"product_tag","embeddable":true,"href":"https:\/\/sloncejewelry.pl\/index.php?rest_route=%2Fwp%2Fv2%2Fproduct_tag&post=1364"}],"curies":[{"name":"wp","href":"https:\/\/api.w.org\/{rel}","templated":true}]}}